*l + 12 = z. Is p a prime number?
False
Let s(w) = -25*w - 8. Let h be s(6). Is (-15 + 17)/((-4)/h) a composite number?
False
Let j = -1241 + 3294. Is j prime?
True
Is (50412/24)/((-4)/(-8)) prime?
True
Suppose -5 = -l - 4. Is (-1 - l)*(-2262)/12 a composite number?
True
Let b = 7 + -6. Let v be 101/((b + 2)/9). Let h = v + -122. Is h a prime number?
True
Let h be (-222)/(-12) + 1/(-2). Suppose g - 3*g = -h. Is g/(-18)*(-1 - 373) prime?
False
Suppose 9*f - 9988 - 78149 = 0. Is f prime?
False
Suppose -4*d - 4*n + 5*n = -149, 0 = 3*d - 3*n - 105. Let r = 169 - d. Is r composite?
False
Let a be (4 - 5)/((-2)/4). Suppose a*j = 122 + 68. Suppose -2*k - 3*l + j = -171, k - 2*l = 119. Is k composite?
False
Suppose 1266*u - 59815 = 1261*u. Is u a prime number?
False
Suppose -5*k + 15856 - 2511 = 0. Is k a composite number?
True
Let t(y) = 159*y**2 - 106*y - 52. Is t(17) prime?
False
Suppose -2*i + 11 = 3*h, -2*h - 5*i - 17 + 6 = 0. Suppose 921 = 10*v - h*v. Is v composite?
False
Suppose 0*h + 2 = h. Let c(z) = -z**3 + 30*z**2 + 30*z + 35. Let w be c(31). Suppose -a - w*r = h*a - 267, 0 = -a + 5*r + 70. Is a prime?
False
Let k be (-2093)/(-63) - (-4)/(-18). Is k/(0 - 12/(-8)) prime?
False
Let c(z) be the second derivative of 3*z**5/20 - z**4/4 + 4*z**3/3 + 5*z**2/2 - 3*z. Is c(7) a prime number?
False
Let m = -303 - -572. Is m composite?
False
Is (-20)/100 - 118891/(-5) - 5 composite?
False
Let u = -56 - -38. Let d = 18 + u. Suppose -195 = -d*i - 3*i. Is i a prime number?
False
Suppose -2*m - 5*z = 14 + 135, 3*z = 2*m + 109. Let c = 149 + m. Suppose -b + 5*f + c = 0, -2*f + 87 = b + 3*f. Is b a prime number?
False
Let g = -11 - -2. Let z be (-3)/g*(1 + 5). Suppose 3*h + 5*v - 1962 = 0, 459 + 854 = z*h + 5*v. Is h prime?
False
Is (7 - 315775/(-35)) + (-2)/14 a composite number?
False
Suppose -s + 91 = -161. Suppose s = 2*y + 78. Is y a prime number?
False
Suppose 0*t = -2*k + 2*t + 234, 3*k + 4*t - 337 = 0. Suppose -4*b = -0*b - 5*p - k, 2*p - 94 = -4*b. Is b prime?
False
Let f = 14 + -12. Suppose -3*z = 3*t - f*t - 13, -3*z = -5*t - 25. Suppose -84 = -z*a + 91. Is a a prime number?
False
Let n(m) = 3*m**3 - 12*m**2 - m + 5. Let h = 3 - 0. Suppose 0 = -h*k + 8*k - 30. Is n(k) composite?
True
Let x = 771 + -73. Is x prime?
False
Suppose -w = 4*f - 2512, -3*w + 0*w - 1242 = -2*f. Let b = f - -212. Is b prime?
True
Let k be 52/(-8) + 3/(-6). Let m be (-72)/k + (-26)/91. Suppose -2*j = -m*j + 424. Is j a prime number?
True
Let c(m) = -37*m**3 + 14*m**2 + 27*m + 19. Is c(-6) composite?
False
Suppose -69*u + 66*u - 22389 = 0. Is u/(-9) - 4/18 prime?
True
Let q(f) be the third derivative of -5/24*f**4 - 1/60*f**5 + 0 + 0*f - 5/3*f**3 - 4*f**2 + 1/120*f**6. Is q(7) a composite number?
True
Let k(z) = 64*z + 235. Is k(16) composite?
False
Suppose 3*q - 4*f = -0*f + 20, 2*f = -2*q + 4. Is -1*q/8*-5638 prime?
True
Suppose f - 320 = -3*v, -1 = -f - v + 317. Is f a composite number?
False
Let s = -39274 + 56321. Is s a composite number?
False
Let i = -262 + 146. Let t = 195 + i. Is t prime?
True
Suppose -380 = -6*s + 2878. Let x = s - -130. Is x a composite number?
False
Let r(h) = -h**2 + 73 + h - 953 - 5*h + 3*h. Let t be r(0). Let o = -441 - t. Is o composite?
False
Let i = 212249 + -126870. Is i a composite number?
True
Suppose 0 = 5*v - 22 + 2. Suppose v*d + 5*k - 24 = k, 2*d - 5*k = -16. Let p(r) = 224*r - 3. Is p(d) prime?
False
Let x(f) = 6*f**3 - 5*f**2 - 2*f + 1. Let r(l) = -3*l**3 + 2*l**2 + l - 1. Let g(k) = 13*r(k) + 6*x(k). Is g(-6) a prime number?
True
Suppose 5*f - 5*w - 39570 = 0, -1510 - 14313 = -2*f + 3*w. Is f composite?
False
Let n(h) = h**3 - h**2 + h + 9. Let o be n(0). Suppose -11*r + o*r + 8 = 0. Is 2697/9 + r/(-6) a prime number?
False
Suppose 8*i = 4*i + 26164. Is i composite?
True
Let d(g) = -6*g - 6. Let c be d(4). Let s be c/(-4)*2/3. Is 3/(-6)*-118*s a prime number?
False
Suppose 0*k - 386 = -k + 3*l, -4*l = 2*k - 772. Is k prime?
False
Suppose -2*v - b = -12, 3*b - 4 = -5*v + 7*b. Let z be (14/v)/((-9)/(-846)). Suppose -3*w - 3*i - z = -815, -2*w + 329 = -3*i. Is w composite?
False
Let j = -212 - -335. Is (100/15 - 3)*j a composite number?
True
Let k be (-2)/13 + 540/130. Suppose 3*o + 6360 = -5*p, 0 = k*p + p - 2*o + 6335. Is (2/6)/((-9)/p) a composite number?
False
Suppose 315972 = 60*h - 24*h. Is h a prime number?
False
Is 3/(-12)*-12 - (1 - 1185) a prime number?
True
Is (518754/155)/((-4)/(-10)) prime?
False
Let r be (6/4*(-40)/12)/(-1). Suppose r*v = -f + 322, -2*v - 2*f - 331 = -7*v. Is v composite?
True
Let i = 21734 - 6141. Is i composite?
True
Suppose -5*b + 8469 = -w, 5*w + 15 = -5. Is b composite?
False
Suppose -25*c + 24*c + 5 = 0. Let o(n) = -n + 10. Let u be o(c). Suppose -u*x - 671 = -1686. Is x a composite number?
True
Let s(j) = 2*j**2 - 6*j - 24. Let l be s(-12). Let a = l + -131. Is a a composite number?
True
Let g = -48046 - -88197. Is g composite?
False
Suppose -5190 = -5*i + u - 1405, -3770 = -5*i - 2*u. Suppose 3*w - i = -3*w. Let q = 803 - w. Is q a prime number?
True
Suppose 4*q = 3*s + 169, 5*q + 3*s = 93 + 98. Suppose q = -2*j - 26. Let i = j + 86. Is i prime?
True
Let o(w) = w**2 - w + 1. Let s be o(2). Suppose 4*q = 2*g + 1063 + 379, 0 = s*q + 4*g - 1098. Is q a composite number?
True
Suppose g + 4*g = 40. Let k = 14 - g. Suppose -6349 = -y - k*y. Is y composite?
False
Is 1919664/78 + 3/(-39) a prime number?
True
Let q(y) = y - 4. Let o be q(9). Suppose o*j + 11 = -19. Is (-777)/j + 2/(-4) composite?
True
Is (51 - -2)/((-124500)/15564 + 8) composite?
True
Let p(j) = j + 7. Let t be p(-11). Is (-285)/6*(t + 2) a composite number?
True
Suppose -24 = -y - 2*y. Let s = 6 - y. Is (-334)/4*4/s prime?
True
Suppose 3*z = 5*z - 15090. Suppose -u + 6*u = z. Is (-1)/(2 + u/(-753)) composite?
False
Let a be 46/11 - (-18)/(-99). Suppose a*y - 670 = -y. Let f = 273 - y. Is f a prime number?
True
Let r be 5 + 0 + -2 + 2. Suppose 0 = -4*a + 5*a + r. Let y(n) = -n**3 - 4*n**2 - 7*n - 7. Is y(a) composite?
False
Suppose -2*s - 43 = 3*b, 74 = -5*b - 0*s - s. Let m = 106 - b. Is m composite?
True
Let b(z) be the third derivative of -46*z**5/15 + z**3/6 + 2*z**2. Let g be b(1). Let t = g + 260. Is t prime?
False
Suppose 3*j - 5*d = 7*j - 812, 4*j - 776 = 4*d. Let q be j/10 - (-4)/20. Suppose -5*c = q + 5, 120 = 2*p - 2*c. Is p a prime number?
False
Suppose -9*b + 5*b = -5*r + 27801, 2*r + 4*b - 11098 = 0. Is r composite?
False
Suppose 0 = -4*d + 6 - 2. Is (-401680)/(-208) + (4/(-26))/d a prime number?
True
Let f be 14/56 + (-14)/(-8). Suppose -1400 = -f*q + 2*x, 3*q - x - 2124 = -6*x. Is q a prime number?
False
Suppose -48*w - 4047 = -40383. Is w a prime number?
True
Let w(t) = -3*t**3 + t**2 + 2*t + 2. Let q be w(-1). Let d(j) = j**2 - 13. Let f be d(q). Suppose -p + 130 = -4*l, -f*p = -2*p - 2*l - 132. Is p prime?
False
Suppose 350091 = 8*n + 13*n. Is n a composite number?
True
Suppose 35252 = 83*z - 55*z. Is z a composite number?
False
Is (51 + -47)*1070/8 prime?
False
Suppose 2 + 6 = 2*o. Suppose 0 = -o*v + 1751 - 571. Is v prime?
False
Let f(o) = -o**2 + 17*o + 3. Let k be f(16). Suppose 0 = -2*l + 8, 0*l + l - k = -5*t. Suppose 8*h = t*h + 185. Is h a prime number?
True
Is (-2 - -3)/(12/233340) a composite number?
True
Let h = 89 + -85. Suppose 0 = h*q + 8, o - 5*o + 3964 = -4*q. Is o a composite number?
True
Let p(s) = 10807*s**2 - 20*s - 37. Is p(-2) prime?
False
Suppose 2*l + 2 = 0, -4*f + 8 = -f + 4*l. Let t be (-6)/(-24) + (-5)/f. Is 872/6 - t/(-3) composite?
True
Suppose -2*s + 7 = p, 4*s - 7 = -p + 2. Suppose 4*i + 2*x = 18, -3*i = -p*x + 2*x - 9. Suppose i*w - 5*m - 590 = -3*m, 5*m = 15. Is w a prime number?
True
Let r = 49 - 60. Is ((-6)/10)/(r/4565) prime?
False
Let w(r) = 52*r + 1. Let c be w(2). Let k = c - 2. Is k a composite number?
False
Suppose -b - 92 + 409 = -5*q, 3*b + 9 = 0. Let a = -96 - q. Is (15144/a)/((-3)/4) a composite number?
False
Let q(a) = 6*a**3 - 29*a**2 - 26*a + 35. Let h(u) = u**3 - 6*u**2 - 5*u + 7. Let z(l) = -11*h(l) + 2*q(l). Is z(-7) a prime number?
False
Suppose 3*r + 8*i - 4*i = 72, 5*i = 15. Let a = r + 86. Suppose 0 = -22*s + 24*s - a. Is s a composite number?
False
Let j(t) = -1675*t - 2. Let a(f) = 1. Let w(l) = 4*a(l) + j(l). Is w(-3) a composite number?
True
Is ((-13276